{"text_format":"1","workbook":"xlsx","n_sheets":5,"sheets":["V-Belt Reference Search","LIST","Z-C","SPZ-SPC","XPZ-XPC"],"not_rendered":{"charts":0,"images":2,"macros":1,"external_links":0,"defined_names":36,"comments":0,"pivot_tables":0},"unopened":[],"bounds":{"document_bytes":16777216,"sheet_cells":100000,"rows_first":2000,"rows_last":500,"rows_between":2000,"halvings":0,"cell_chars":16384,"cell_head_chars":4096},"cells_cut":0,"cells_raw":0,"read":"whole","date_system":"1900"}

{"sheet":"V-Belt Reference Search","index":0,"n_rows":31,"n_cols":16,"rows_kept":31,"cut":false,"hidden":false,"merged":[[9,10,9,11],[29,9,29,14],[22,10,22,13],[16,10,16,13],[9,2,9,3],[29,1,29,7],[9,5,9,6],[28,1,28,7],[28,9,28,14]]}
[]
[]
[]
[]
[]
[]
[]
[]
[]
[null,null,"Measured Belt",null,null,"Matching Belt",null,null,null,null,"WRAPPED - CLASSIC"]
[null,null,"Section","Z",null,"Belt",{"$f":"IFERROR(VLOOKUP(G12,INDIRECT(Profile5),2,FALSE),\"---\")","v":"---"},null,null,null,"Section","Z"]
[null,null,"External Lenght [mm]",null,null,"Pitch Lenght [mm]",{"$f":"IF(MIN(IF(INDIRECT(Profile2)=D13,INDIRECT(Profile2)))=0,\"---\",(MIN(IF(INDIRECT(Profile2)=D13,INDIRECT(Profile2)))))","v":"---"},null,null,null,"Type"]
[null,null,"Pitch Lenght [mm]",{"$f":"IF(D12=\"\",\"\",D12-(VLOOKUP(D11,LIST!A14:C25,2,FALSE)))","v":""},null,"Match",{"$f":"IF(G12=\"---\",\"NO\",\"YES\")","v":"NO"},null,null,null,"Internal Lenght [mm]",{"$f":"IFERROR(VLOOKUP(L12,'Z-C'!B:D,2,FALSE),\"\")","v":""}]
[null,null,null,null,null,null,null,null,null,null,"Pitch Lenght [mm]",{"$f":"IFERROR(VLOOKUP(L12,'Z-C'!B:D,3,FALSE),\"\")","v":""}]
[]
[]
[null,null,"Alternative Belt",null,null,null,null,null,null,null,"WRAPPED - NARROW SECTION"]
[null,null,null,"Belt","Pitch Lenght [mm]","External Lenght [mm]","C/C [mm] *",null,null,null,"Section",{"$f":"IFERROR(VLOOKUP(L11,LIST!A2:C5,2,FALSE),\"\")","v":"SPZ"},"Pitch Lenght [mm]","C/C [mm] *"]
[null,null,"Longer Belt",{"$f":"IFERROR(IF(D12=\"\",\"\",VLOOKUP(E19,INDIRECT(Profile5),2,FALSE)),\"\")","v":""},{"$f":"IF(D12=\"\",\"\",IF((MIN(IF(INDIRECT(Profile2)>D13,INDIRECT(Profile2))))=0,\"\",(MIN(IF(INDIRECT(Profile2)>D13,INDIRECT(Profile2))))))","v":""},{"$f":"IFERROR(E19+(VLOOKUP(D11,Section3,2,FALSE)),\"\")","v":""},{"$f":"IFERROR(\"+  \"&((F19-D12)/2),\"\")","v":""},null,null,null,"Longer Belt",{"$f":"IF(L12=\"\",\"\",IF((MIN(IF(INDIRECT(Profile3)>L14,INDIRECT(Profile3))))=0,\"\",(MIN(IF(INDIRECT(Profile3)>L14,INDIRECT(Profile3))))))","v":""},{"$f":"IFERROR(IF(L19=0,\"\",\"+  \"&L19-L14),\"\")","v":""},{"$f":"IFERROR(IF(L19=0,\"\",\"+  \"&(L19-L14)/2),\"\")","v":""}]
[null,null,"Shorter Belt",{"$f":"IFERROR(IF(D12=\"\",\"\",VLOOKUP(E20,INDIRECT(Profile5),2,FALSE)),\"\")","v":""},{"$f":"IF(D12=\"\",\"\",IF((MAX(IF(INDIRECT(Profile2)<D13,INDIRECT(Profile2))))=0,\"\",(MAX(IF(INDIRECT(Profile2)<D13,INDIRECT(Profile2))))))","v":""},{"$f":"IFERROR(E20+(VLOOKUP(D11,Section3,2,FALSE)),\"\")","v":""},{"$f":"IFERROR(\"-  \"&(D12-F20)/2,\"\")","v":""},null,null,null,"Shorter Belt",{"$f":"IF(L12=\"\",\"\",IF(MAX(IF(INDIRECT(Profile3)<L14,INDIRECT(Profile3)))=0,\"\",MAX(IF(INDIRECT(Profile3)<L14,INDIRECT(Profile3)))))","v":""},{"$f":"IFERROR(IF(L20=0,\"\",\"-  \"&L14-L20),\"\")","v":""},{"$f":"IFERROR(IF(L20=0,\"\",\"-  \"&(L14-L20)/2),\"\")","v":""}]
[]
[]
[null,null,null,null,null,null,null,null,null,null,"RAW EDGE - NARROW SECTION"]
[null,null,null,"X:",{"$f":"IFERROR(VLOOKUP(D11,LIST!A14:F25,4,FALSE),\"\")","v":"40°"},null,null,null,null,null,"Section",{"$f":"IFERROR(VLOOKUP(L11,LIST!A2:C5,3,FALSE),\"\")","v":"XPZ"},"Pitch Lenght [mm]","C/C [mm] *"]
[null,null,null,"Y:",{"$f":"IFERROR(VLOOKUP(D11,LIST!A14:F25,5,FALSE),\"\")","v":10},null,null,null,null,null,"Longer Belt",{"$f":"IF(L12=\"\",\"\",IF(MIN(IF(INDIRECT(Profile4)>L14,INDIRECT(Profile4)))=0,\"\",MIN(IF(INDIRECT(Profile4)>L14,INDIRECT(Profile4)))))","v":""},{"$f":"IFERROR(IF(L25=0,\"\",\"+  \"&L25-L14),\"\")","v":""},{"$f":"IFERROR(IF(L25=0,\"\",\"+  \"&(L25-L14)/2),\"\")","v":""}]
[null,null,null,"Z:",{"$f":"IFERROR(VLOOKUP(D11,LIST!A14:F25,6,FALSE),\"\")","v":6},null,null,null,null,null,"Shorter Belt",{"$f":"IF(L12=\"\",\"\",IF(MAX(IF(INDIRECT(Profile4)<L14,INDIRECT(Profile4)))=0,\"\",MAX(IF(INDIRECT(Profile4)<L14,INDIRECT(Profile4)))))","v":""},{"$f":"IFERROR(IF(L26=0,\"\",\"-  \"&L14-L26),\"\")","v":""},{"$f":"IFERROR(IF(L26=0,\"\",\"-  \"&(L14-L26)/2),\"\")","v":""}]
[]
[null,null,null,null,null,null,"*Centre distance between equal sized pulleys.",null,null,null,null,null,null,"*Centre distance between equal sized pulleys."]
[null,"www.megadynegroup.com",null,null,null,null,null,null,null,"www.megadynegroup.com"]
[]
["Copyright© Megadyne Nordic. All rights reserved.",null,null,null,null,null,null,null,null,null,null,null,null,null,null,"2018-09-24 - JOHJOR"]

{"sheet":"LIST","index":1,"n_rows":25,"n_cols":6,"rows_kept":25,"cut":false,"hidden":true,"merged":[]}
["Section"]
["Z","SPZ","XPZ"]
["A","SPA","XPA"]
["B","SPB","XPB"]
["C","SPC","XPC"]
[]
[{"$f":"'V-Belt Reference Search'!L11&\"_1\"","v":"Z_1"}]
[{"$f":"'V-Belt Reference Search'!D11&\"_2\"","v":"Z_2"}]
[{"$f":"'V-Belt Reference Search'!L18&\"_2\"","v":"SPZ_2"}]
[{"$f":"'V-Belt Reference Search'!L24&\"_2\"","v":"XPZ_2"}]
[{"$f":"'V-Belt Reference Search'!D11&\"_3\"","v":"Z_3"}]
[]
["Section","Ext to Pitch ","Ext to Inter","X","Y","Z"]
["Z",13,38,"40°",10,6]
["A",17,50,"40°",13,8]
["B",26,69,"40°",17,11]
["C",26,88,"40°",22,14]
["SPZ",13,52,"38°",9.6999999999999993,8]
["SPA",18,65,"38°",12.7,10]
["SPB",22,83,"38°",16.3,13]
["SPC",30,116,"38°",22,18]
["XPZ",13,null,"38°",9.6999999999999993,8]
["XPA",18,null,"38°",12.7,10]
["XPB",22,null,"38°",16.3,13]
["XPC",30,null,"38°",22,18]

{"sheet":"Z-C","index":2,"n_rows":634,"n_cols":4,"rows_kept":634,"cut":false,"hidden":true,"merged":[]}
[]
["LD","Section - Z","LI","LD"]
[435,"Z 16",410,435]
[485,"Z 18",460,485]
[505,"Z 19",480,505]
[525,"Z 19 1/2",500,525]
[533,"Z 20",508,533]
[545,"Z 20 1/2",520,545]
[555,"Z 21",530,555]
[565,"Z 21 1/4",540,565]
[570,"Z 21 1/2",545,570]
[580,"Z 21 3/4",555,580]
[585,"Z 22",560,585]
[590,"Z 22 1/4",565,590]
[600,"Z 22 1/2",575,600]
[610,"Z 23",585,610]
[625,"Z 23 1/2",600,625]
[630,"Z 23 3/4",605,630]
[635,"Z 24",610,635]
[655,"Z 24 3/4",630,655]
[660,"Z 25",635,660]
[675,"Z 25 1/2",650,675]
[685,"Z 26",660,685]
[695,"Z 26 1/2",670,695]
[710,"Z 27",685,710]
[725,"Z 27 1/2",700,725]
[735,"Z 28",710,735]
[750,"Z 28 1/2",725,750]
[760,"Z 29",735,760]
[775,"Z 29 1/2",750,775]
[790,"Z 30",765,790]
[800,"Z 30 1/2",775,800]
[810,"Z 30 3/4",785,810]
[812,"Z 31",787,812]
[825,"Z 31 1/2",800,825]
[840,"Z 32",815,840]
[850,"Z 32 1/2",825,850]
[865,"Z 33",840,865]
[875,"Z 33 1/2",850,875]
[890,"Z 34",865,890]
[900,"Z 34 1/2",875,900]
[895,"Z 34 1/4",870,895]
[915,"Z 35",890,915]
[925,"Z 35 1/2",900,925]
[940,"Z 36",915,940]
[950,"Z 36 1/2",925,950]
[960,"Z 36 3/4",935,960]
[970,"Z 37",945,970]
[975,"Z 37 1/2",950,975]
[990,"Z 38",965,990]
[1000,"Z 38 1/4",975,1000]
[1003,"Z 38 1/2",978,1003]
[1025,"Z 39",1000,1025]
[1041,"Z 40",1016,1041]
[1055,"Z 40 1/2",1030,1055]
[1065,"Z 41",1040,1065]
[1075,"Z 41 1/2",1050,1075]
[1085,"Z 41 3/4",1060,1085]
[1095,"Z 42",1070,1095]
[1105,"Z 42 1/2",1080,1105]
[1115,"Z 43",1090,1115]
[1125,"Z 43 1/4",1100,1125]
[1145,"Z 44",1120,1145]
[1170,"Z 45",1145,1170]
[1205,"Z 46",1180,1205]
[1219,"Z 47",1194,1219]
[1240,"Z 47 3/4",1215,1240]
[1250,"Z 48",1225,1250]
[1257,"Z 48 1/2",1232,1257]
[1270,"Z 49",1245,1270]
[1295,"Z 50",1270,1295]
[1310,"Z 50 1/2",1285,1310]
[1325,"Z 51",1300,1325]
[1345,"Z 52",1320,1345]
[1370,"Z 53",1345,1370]
[1396,"Z 54",1371,1396]
[1425,"Z 55",1400,1425]
[1447,"Z 56",1422,1447]
[1475,"Z 57",1450,1475]
[1498,"Z 58",1473,1498]
[1525,"Z 59",1500,1525]
[1540,"Z 59 1/2",1515,1540]
[1550,"Z 60",1525,1550]
[1575,"Z 61",1550,1575]
[1600,"Z 62",1575,1600]
[1625,"Z 63",1600,1625]
[1650,"Z 64",1625,1650]
[1676,"Z 65",1651,1676]
[1700,"Z 66",1675,1700]
[1725,"Z 67",1700,1725]
[1752,"Z 68",1727,1752]
[1765,"Z 68 1/2",1740,1765]
[1775,"Z 69",1750,1775]
[1803,"Z 70",1778,1803]
[1828,"Z 71",1803,1828]
[1880,"Z 73",1855,1880]
[1930,"Z 75",1905,1930]
[2007,"Z 78",1982,2007]
[2032,"Z 79",2007,2032]
[2145,"Z 83 1/2",2100,2145]
[2260,"Z 88",2235,2260]
[2385,"Z 93",2360,2385]
[2514,"Z 98",2489,2514]
[]
["LD","Section - A","LI","LD"]
[490,"A 18",457,490]
[513,"A 19",480,513]
[541,"A 20",508,541]
[568,"A 21",535,568]
[585,"A 21 3/4",552,585]
[593,"A 22",560,593]
[620,"A 23",587,620]
[633,"A 23 1/2",600,633]
[643,"A 24",610,643]
[653,"A 24 1/2",620,653]
[663,"A 24 3/4",630,663]
[670,"A 25",637,670]
[680,"A 25 1/2",647,680]
[693,"A 26",660,693]
[703,"A 26 1/2",670,703]
[719,"A 27",686,719]
[733,"A 27 1/2",700,733]
[743,"A 28",710,743]
[757,"A 28 1/2",724,757]
[770,"A 29",737,770]
[783,"A 29 1/2",750,783]
[800,"A 30",767,800]
[808,"A 30 1/2",775,808]
[820,"A 31",787,820]
[833,"A 31 1/2",800,833]
[846,"A 32",813,846]
[858,"A 32 1/2",825,858]
[871,"A 33",838,871]
[880,"A 33 1/4",847,880]
[883,"A 33 1/2",850,883]
[900,"A 34",867,900]
[908,"A 34 1/2",875,908]
[933,"A 35",900,933]
[935,"A 35 1/2",902,935]
[947,"A 36",914,947]
[958,"A 36 1/2",925,958]
[975,"A 37",942,975]
[979,"A 37 1/4",946,979]
[983,"A 37 1/2",950,983]
[998,"A 38",965,998]
[1008,"A 38 1/2",975,1008]
[1025,"A 39",992,1025]
[1033,"A 39 1/2",1000,1033]
[1049,"A 40",1016,1049]
[1063,"A 40 1/2",1030,1063]
[1074,"A 41",1041,1074]
[1083,"A 41 1/2",1050,1083]
[1093,"A 41 3/4",1060,1093]
[1100,"A 42",1067,1100]
[1108,"A 42 1/2",1075,1108]
[1133,"A 43",1100,1133]
[1138,"A 43 1/2",1105,1138]
[1144,"A 43 3/4",1111,1144]
[1153,"A 44",1120,1153]
[1165,"A 44 1/2",1132,1165]
[1176,"A 45",1143,1176]
[1183,"A 45 1/2",1150,1183]
[1201,"A 46",1168,1201]
[1213,"A 46 1/2",1180,1213]
[1233,"A 47",1200,1233]
[1240,"A 47 1/2",1207,1240]
[1253,"A 48",1220,1253]
[1264,"A 48 1/2",1232,1264]
[1258,"A 48 1/4",1225,1258]
[1283,"A 49",1250,1283]
[1303,"A 50",1270,1303]
[1333,"A 51",1300,1333]
[1340,"A 51 1/2",1307,1340]
[1353,"A 52",1320,1353]
[1370,"A 52 1/2",1337,1370]
[1379,"A 53",1346,1379]
[1388,"A 53 1/4",1355,1388]
[1405,"A 54",1372,1405]
[1433,"A 55",1400,1433]
[1455,"A 56",1422,1455]
[1483,"A 57",1450,1483]
[1508,"A 58",1475,1508]
[1533,"A 59",1500,1533]
[1558,"A 60",1525,1558]
[1583,"A 61",1550,1583]
[1608,"A 62",1575,1608]
[1633,"A 63",1600,1633]
[1658,"A 64",1625,1658]
[1683,"A 65",1650,1683]
[1709,"A 66",1676,1709]
[1733,"A 67",1700,1733]
[1758,"A 68",1725,1758]
[1783,"A 69",1750,1783]
[1808,"A 70",1775,1808]
[1813,"A 70 3/4",1780,1813]
[1833,"A 71",1800,1833]
[1858,"A 72",1825,1858]
[1887,"A 73",1854,1887]
[1913,"A 74",1880,1913]
[1933,"A 75",1900,1933]
[1963,"A 76",1930,1963]
[1989,"A 77",1956,1989]
[2013,"A 78",1980,2013]
[2033,"A 79",2000,2033]
[2065,"A 80",2032,2065]
[2093,"A 81",2060,2093]
[2116,"A 82",2083,2116]
[2133,"A 83",2100,2133]
[2153,"A 83 1/2",2120,2153]
[2167,"A 84",2134,2167]
[2179,"A 84 1/2",2146,2179]
[2193,"A 85",2160,2193]
[2220,"A 86",2187,2220]
[2232,"A 86 1/2",2200,2232]
[2245,"A 87",2212,2245]
[2273,"A 88",2240,2273]
[2300,"A 89",2267,2300]
[2319,"A 90",2286,2319]
[2344,"A 91",2311,2344]
[2370,"A 92",2337,2370]
[2393,"A 93",2360,2393]
[2421,"A 94",2388,2421]
[2446,"A 95",2413,2446]
[2471,"A 96",2438,2471]
[2497,"A 97",2464,2497]
[2508,"A 97 1/2",2475,2508]
[2533,"A 98",2500,2533]
[2573,"A 100",2540,2573]
[2624,"A 102",2591,2624]
[2683,"A 104",2650,2683]
[2700,"A 105",2667,2700]
[2758,"A 107",2725,2758]
[2776,"A 108",2743,2776]
[2833,"A 110",2800,2833]
[2878,"A 112",2845,2878]
[2903,"A 113",2870,2903]
[2929,"A 114",2896,2929]
[2979,"A 116",2946,2979]
[3033,"A 118",3000,3033]
[3081,"A 120",3048,3081]
[3183,"A 124",3150,3183]
[3283,"A 128",3250,3283]
[3335,"A 130",3302,3335]
[3383,"A 132",3350,3383]
[3437,"A 134",3404,3437]
[3487,"A 136",3454,3487]
[3583,"A 140",3550,3583]
[3691,"A 144",3658,3691]
[3770,"A 147",3737,3770]
[3783,"A 148",3750,3783]
[3970,"A 155",3937,3970]
[4033,"A 158",4000,4033]
[4148,"A 162",4115,4148]
[4283,"A 167",4250,4283]
[4427,"A 173",4394,4427]
[4533,"A 177",4500,4533]
[4783,"A 187",4750,4783]
[5033,"A 197",5000,5033]
[5367,"A 210",5334,5367]
[5510,"A 217",5477,5510]
[]
["LD","Section - B","LI","LD"]
[613,"B 22 1/2",570,613]
[630,"B 23",587,630]
[655,"B 24",612,655]
[680,"B 25",637,680]
[693,"B 26",650,693]
[716,"B 26 1/2",673,716]
[729,"B 27",686,729]
[753,"B 28",710,753]
[768,"B 28 1/2",725,768]
[780,"B 29",737,780]
[793,"B 29 1/2",750,793]
[805,"B 30",762,805]
[818,"B 30 1/2",775,818]
[830,"B 31",787,830]
[843,"B 31 1/2",800,843]
[855,"B 32",812,855]
[865,"B 32 1/4",822,865]
[868,"B 32 1/2",825,868]
[881,"B 33",838,881]
[893,"B 33 1/2",850,893]
[910,"B 34",867,910]
[918,"B 34 1/2",875,918]
[932,"B 35",889,932]
[943,"B 35 1/2",900,943]
[950,"B 35 3/4",907,950]
[960,"B 36",917,960]
[968,"B 36 1/2",925,968]
[980,"B 36 3/4",937,980]
[985,"B 37",942,985]
[993,"B 37 1/2",950,993]
[1008,"B 38",965,1008]
[1018,"B 38 1/2",975,1018]
[1033,"B 39",990,1033]
[1043,"B 39 1/2",1000,1043]
[1059,"B 40",1016,1059]
[1073,"B 40 1/2",1030,1073]
[1083,"B 41",1040,1083]
[1093,"B 41 1/2",1050,1093]
[1103,"B 41 3/4",1060,1103]
[1110,"B 42",1067,1110]
[1118,"B 42 1/2",1075,1118]
[1133,"B 43",1090,1133]
[1143,"B 43 1/2",1100,1143]
[1139,"B 43 1/4",1096,1139]
[1163,"B 44",1120,1163]
[1170,"B 44 1/4",1127,1170]
[1185,"B 45",1142,1185]
[1198,"B 45 1/2",1155,1198]
[1218,"B 46",1175,1218]
[1223,"B 46 1/2",1180,1223]
[1230,"B 46 3/4",1187,1230]
[1243,"B 47",1200,1243]
[1258,"B 47 1/2",1215,1258]
[1245,"B 47 1/4",1202,1245]
[1268,"B 48",1225,1268]
[1275,"B 48 1/2",1232,1275]
[1293,"B 49",1250,1293]
[1318,"B 50",1275,1318]
[1343,"B 51",1300,1343]
[1363,"B 52",1320,1363]
[1380,"B 52 1/2",1336,1380]
[1393,"B 53",1350,1393]
[1403,"B 53 1/2",1360,1403]
[1415,"B 54",1372,1415]
[1443,"B 55",1400,1443]
[1455,"B 55 1/2",1412,1455]
[1465,"B 56",1422,1465]
[1493,"B 57",1450,1493]
[1516,"B 58",1473,1516]
[1543,"B 59",1500,1543]
[1568,"B 60",1525,1568]
[1593,"B 61",1550,1593]
[1618,"B 62",1575,1618]
[1643,"B 63",1600,1643]
[1668,"B 64",1625,1668]
[1685,"B 64 1/2",1642,1685]
[1693,"B 65",1650,1693]
[1719,"B 66",1676,1719]
[1725,"B 66 1/4",1682,1725]
[1735,"B 66 1/2",1692,1735]
[1743,"B 67",1700,1743]
[1755,"B 67 1/4",1712,1755]
[1768,"B 68",1725,1768]
[1793,"B 69",1750,1793]
[1804,"B 69 1/2",1761,1804]
[1818,"B 70",1775,1818]
[1843,"B 71",1800,1843]
[1872,"B 72",1829,1872]
[1893,"B 73",1850,1893]
[1923,"B 74",1880,1923]
[1943,"B 75",1900,1943]
[1973,"B 76",1930,1973]
[1993,"B 77",1950,1993]
[2024,"B 78",1981,2024]
[2043,"B 79",2000,2043]
[2075,"B 80",2032,2075]
[2093,"B 80 3/4",2050,2093]
[2103,"B 81",2060,2103]
[2126,"B 82",2083,2126]
[2151,"B 83",2108,2151]
[2163,"B 83 1/2",2120,2163]
[2177,"B 84",2134,2177]
[2203,"B 85",2160,2203]
[2230,"B 86",2187,2230]
[2243,"B 86 1/2",2200,2243]
[2258,"B 87",2215,2258]
[2283,"B 88",2240,2283]
[2304,"B 89",2261,2304]
[2329,"B 90",2286,2329]
[2355,"B 91",2312,2355]
[2380,"B 92",2337,2380]
[2403,"B 93",2360,2403]
[2431,"B 94",2388,2431]
[2443,"B 94 1/2",2400,2443]
[2456,"B 95",2413,2456]
[2481,"B 96",2438,2481]
[2493,"B 96 1/2",2450,2493]
[2508,"B 97",2465,2508]
[2520,"B 97 1/2",2477,2520]
[2543,"B 98",2500,2543]
[2558,"B 99",2515,2558]
[2583,"B 100",2540,2583]
[2608,"B 101",2565,2608]
[2643,"B 102",2600,2643]
[2659,"B 103",2616,2659]
[2693,"B 104",2650,2693]
[2710,"B 105",2667,2710]
[2743,"B 106",2700,2743]
[2761,"B 107",2718,2761]
[2793,"B 108",2750,2793]
[2812,"B 109",2769,2812]
[2843,"B 110",2800,2843]
[2888,"B 112",2845,2888]
[2900,"B 112 1/2",2857,2900]
[2943,"B 114",2900,2943]
[2964,"B 115",2921,2964]
[2993,"B 116",2950,2993]
[3043,"B 118",3000,3043]
[3091,"B 120",3048,3091]
[3142,"B 122",3099,3142]
[3193,"B 124",3150,3193]
[3243,"B 126",3200,3243]
[3270,"B 127",3227,3270]
[3293,"B 128",3250,3293]
[3345,"B 130",3302,3345]
[3370,"B 131",3327,3370]
[3393,"B 132",3350,3393]
[3421,"B 133",3378,3421]
[3450,"B 134",3407,3450]
[3472,"B 135",3429,3472]
[3493,"B 136",3450,3493]
[3548,"B 138",3505,3548]
[3593,"B 140",3550,3593]
[3650,"B 142",3607,3650]
[3701,"B 144",3658,3701]
[3751,"B 146",3708,3751]
[3780,"B 147",3737,3780]
[3793,"B 148",3750,3793]
[3853,"B 150",3810,3853]
[3893,"B 151",3850,3893]
[3904,"B 152",3861,3904]
[3955,"B 154",3912,3955]
[3993,"B 155",3950,3993]
[4005,"B 156",3962,4005]
[4030,"B 157",3987,4030]
[4043,"B 158",4000,4043]
[4107,"B 160",4064,4107]
[4130,"B 161",4087,4130]
[4158,"B 162",4115,4158]
[4185,"B 163",4142,4185]
[4243,"B 165",4200,4243]
[4293,"B 167",4250,4293]
[4310,"B 168",4267,4310]
[4437,"B 173",4394,4437]
[4493,"B 175",4450,4493]
[4543,"B 177",4500,4543]
[4615,"B 180",4572,4615]
[4770,"B 186",4727,4770]
[4793,"B 187",4750,4793]
[4820,"B 188",4777,4820]
[4920,"B 192",4877,4920]
[4996,"B 195",4953,4996]
[5043,"B 197",5000,5043]
[5225,"B 204",5182,5225]
[5343,"B 208",5300,5343]
[5377,"B 210",5334,5377]
[5550,"B 217",5507,5550]
[5595,"B 220",5552,5595]
[5620,"B 221",5577,5620]
[5675,"B 223",5632,5675]
[5700,"B 224",5657,5700]
[5725,"B 225",5682,5725]
[5800,"B 228",5757,5800]
[5825,"B 229",5782,5825]
[6037,"B 236",5994,6037]
[6043,"B 237",6000,6043]
[6105,"B 240",6062,6105]
[6310,"B 248",6267,6310]
[6330,"B 249",6287,6330]
[6435,"B 253",6392,6435]
[6485,"B 255",6442,6485]
[6545,"B 256",6502,6545]
[6585,"B 259",6542,6585]
[6708,"B 264",6665,6708]
[6743,"B 265",6700,6743]
[6843,"B 269",6800,6843]
[6868,"B 270",6825,6868]
[7043,"B 276",7000,7043]
[7143,"B 280",7100,7143]
[7250,"B 285",7207,7250]
[7630,"B 300",7587,7630]
[8010,"B 315",7967,8010]
[8390,"B 330",8347,8390]
[8770,"B 345",8727,8770]
[9150,"B 360",9107,9150]
[9175,"B 361",9132,9175]
[9250,"B 364",9207,9250]
[9305,"B 366",9262,9305]
[10015,"B 394",9972,10015]
[11000,"B 433",10957,11000]
[12000,"B 472",11957,12000]
[13048,"B 512",13005,13048]
[14038,"B 551",13995,14038]
[14096,"B 553",14053,14096]
[17035,"B 669",16992,17035]
[]
["LD","Section - C","LI","LD"]
[920,"C 33 3/4",858,920]
[1012,"C 37 1/2",950,1012]
[1075,"C 39 3/4",1013,1075]
[1152,"C 43",1090,1152]
[1212,"C 45",1150,1212]
[1230,"C 46",1168,1230]
[1256,"C 47",1194,1256]
[1282,"C 48",1220,1282]
[1312,"C 49",1250,1312]
[1357,"C 51",1295,1357]
[1382,"C 52",1320,1382]
[1412,"C 53",1350,1412]
[1434,"C 54",1372,1434]
[1462,"C 55",1400,1462]
[1487,"C 56",1425,1487]
[1512,"C 57",1450,1512]
[1535,"C 58",1473,1535]
[1562,"C 59",1500,1562]
[1586,"C 60",1524,1586]
[1622,"C 61",1560,1622]
[1637,"C 62",1575,1637]
[1645,"C 62 1/4",1583,1645]
[1662,"C 63",1600,1662]
[1712,"C 65",1650,1712]
[1738,"C 66",1676,1738]
[1762,"C 67",1700,1762]
[1789,"C 68",1727,1789]
[1815,"C 69",1753,1815]
[1840,"C 70",1778,1840]
[1860,"C 71",1798,1860]
[1891,"C 72",1829,1891]
[1916,"C 73",1854,1916]
[1941,"C 74",1879,1941]
[1962,"C 75",1900,1962]
[1992,"C 76",1930,1992]
[2017,"C 77",1955,2017]
[2040,"C 78",1978,2040]
[2067,"C 79",2005,2067]
[2094,"C 80",2032,2094]
[2119,"C 81",2057,2119]
[2142,"C 82",2080,2142]
[2170,"C 83",2108,2170]
[2183,"C 83 1/2",2121,2183]
[2196,"C 84",2134,2196]
[2221,"C 85",2159,2221]
[2246,"C 86",2184,2246]
[2270,"C 87",2208,2270]
[2297,"C 88",2235,2297]
[2323,"C 89",2261,2323]
[2348,"C 90",2286,2348]
[2399,"C 92",2337,2399]
[2422,"C 93",2360,2422]
[2450,"C 94",2388,2450]
[2475,"C 95",2413,2475]
[2500,"C 96",2438,2500]
[2512,"C 96 1/2",2450,2512]
[2524,"C 97",2462,2524]
[2539,"C 97 1/2",2477,2539]
[2562,"C 98",2500,2562]
[2587,"C 99",2525,2587]
[2602,"C 100",2540,2602]
[2622,"C 101",2560,2622]
[2653,"C 102",2591,2653]
[2704,"C 104",2642,2704]
[2729,"C 105",2667,2729]
[2754,"C 106",2692,2754]
[2812,"C 108",2750,2812]
[2862,"C 110",2800,2862]
[2880,"C 111",2818,2880]
[2907,"C 112",2845,2907]
[2920,"C 112 1/2",2858,2920]
[2950,"C 114",2888,2950]
[2983,"C 115",2921,2983]
[3012,"C 116",2950,3012]
[3027,"C 117",2965,3027]
[3062,"C 118",3000,3062]
[3110,"C 120",3048,3110]
[3161,"C 122",3099,3161]
[3212,"C 124",3150,3212]
[3262,"C 126",3200,3262]
[3312,"C 128",3250,3312]
[3364,"C 130",3302,3364]
[3412,"C 132",3350,3412]
[3466,"C 134",3404,3466]
[3518,"C 136",3456,3518]
[3560,"C 138",3498,3560]
[3612,"C 140",3550,3612]
[3669,"C 142",3607,3669]
[3720,"C 144",3658,3720]
[3795,"C 147",3733,3795]
[3812,"C 148",3750,3812]
[3870,"C 150",3808,3870]
[3964,"C 153",3902,3964]
[4062,"C 158",4000,4062]
[4126,"C 160",4064,4126]
[4162,"C 161 1/2",4100,4162]
[4177,"C 162",4115,4177]
[4255,"C 165",4193,4255]
[4278,"C 166",4216,4278]
[4304,"C 167",4242,4304]
[4329,"C 168",4267,4329]
[4380,"C 170",4318,4380]
[4456,"C 173",4394,4456]
[4507,"C 175",4445,4507]
[4562,"C 177",4500,4562]
[4634,"C 180",4572,4634]
[4812,"C 187",4750,4812]
[4888,"C 190",4826,4888]
[5015,"C 195",4953,5015]
[5062,"C 197",5000,5062]
[5244,"C 204",5182,5244]
[5362,"C 208",5300,5362]
[5396,"C 210",5334,5396]
[5548,"C 216",5486,5548]
[5612,"C 220",5550,5612]
[5662,"C 222",5600,5662]
[5740,"C 225",5678,5740]
[5815,"C 228",5753,5815]
[6062,"C 236",6000,6062]
[6107,"C 238",6045,6107]
[6124,"C 240",6062,6124]
[6325,"C 248",6263,6325]
[6362,"C 250",6300,6362]
[6500,"C 255",6438,6500]
[6732,"C 264",6670,6732]
[6762,"C 265",6700,6762]
[6884,"C 270",6822,6884]
[7035,"C 276",6973,7035]
[7162,"C 280",7100,7162]
[7265,"C 285",7203,7265]
[7555,"C 295",7493,7555]
[7562,"C 297",7500,7562]
[7644,"C 300",7582,7644]
[7712,"C 303",7650,7712]
[8038,"C 314",7976,8038]
[8050,"C 315",7986,8050]
[8062,"C 316",8000,8062]
[8155,"C 320",8093,8155]
[8444,"C 330",8382,8444]
[8562,"C 336",8500,8562]
[8785,"C 345",8723,8785]
[9169,"C 360",9107,9169]
[10062,"C 394",10000,10062]
[10694,"C 420",10632,10694]
[10795,"C 424",10733,10795]

{"sheet":"SPZ-SPC","index":3,"n_rows":374,"n_cols":4,"rows_kept":374,"cut":false,"hidden":true,"merged":[]}
[]
["LW","Section - SPZ ","LA","LW"]
[487,"SPZ 487",500,487]
[512,"SPZ 512",525,512]
[562,"SPZ 562",575,562]
[587,"SPZ 587",600,587]
[607,"SPZ 607",620,607]
[612,"SPZ 612",625,612]
[630,"SPZ 630",643,630]
[637,"SPZ 637",650,637]
[662,"SPZ 662",675,662]
[670,"SPZ 670",683,670]
[687,"SPZ 687",700,687]
[710,"SPZ 710",723,710]
[722,"SPZ 722",735,722]
[737,"SPZ 737",750,737]
[750,"SPZ 750",763,750]
[762,"SPZ 762",775,762]
[772,"SPZ 772",785,772]
[787,"SPZ 787",800,787]
[800,"SPZ 800",813,800]
[812,"SPZ 812",825,812]
[825,"SPZ 825",838,825]
[837,"SPZ 837",850,837]
[850,"SPZ 850",863,850]
[862,"SPZ 862",875,862]
[875,"SPZ 875",888,875]
[887,"SPZ 887",900,887]
[900,"SPZ 900",913,900]
[912,"SPZ 912",925,912]
[922,"SPZ 922",935,922]
[925,"SPZ 925",938,925]
[937,"SPZ 937",950,937]
[950,"SPZ 950",963,950]
[962,"SPZ 962",975,962]
[975,"SPZ 975",988,975]
[987,"SPZ 987",1000,987]
[1000,"SPZ 1000",1013,1000]
[1010,"SPZ 1010",1023,1010]
[1012,"SPZ 1012",1025,1012]
[1024,"SPZ 1024",1037,1024]
[1037,"SPZ 1037",1050,1037]
[1047,"SPZ 1047",1060,1047]
[1060,"SPZ 1060",1073,1060]
[1077,"SPZ 1077",1090,1077]
[1087,"SPZ 1087",1100,1087]
[1112,"SPZ 1112",1125,1112]
[1120,"SPZ 1120",1133,1120]
[1137,"SPZ 1137",1150,1137]
[1140,"SPZ 1140",1153,1140]
[1147,"SPZ 1147",1160,1147]
[1150,"SPZ 1150",1163,1150]
[1162,"SPZ 1162",1175,1162]
[1180,"SPZ 1180",1193,1180]
[1187,"SPZ 1187",1200,1187]
[1200,"SPZ 1200",1213,1200]
[1202,"SPZ 1202",1215,1202]
[1212,"SPZ 1212",1225,1212]
[1237,"SPZ 1237",1250,1237]
[1250,"SPZ 1250",1263,1250]
[1262,"SPZ 1262",1275,1262]
[1270,"SPZ 1270",1283,1270]
[1287,"SPZ 1287",1300,1287]
[1312,"SPZ 1312",1325,1312]
[1320,"SPZ 1320",1333,1320]
[1337,"SPZ 1337",1350,1337]
[1340,"SPZ 1340",1353,1340]
[1347,"SPZ 1347",1360,1347]
[1362,"SPZ 1362",1375,1362]
[1387,"SPZ 1387",1400,1387]
[1400,"SPZ 1400",1413,1400]
[1412,"SPZ 1412",1425,1412]
[1420,"SPZ 1420",1433,1420]
[1437,"SPZ 1437",1450,1437]
[1462,"SPZ 1462",1475,1462]
[1470,"SPZ 1470",1483,1470]
[1487,"SPZ 1487",1500,1487]
[1500,"SPZ 1500",1513,1500]
[1512,"SPZ 1512",1525,1512]
[1520,"SPZ 1520",1533,1520]
[1537,"SPZ 1537",1550,1537]
[1562,"SPZ 1562",1575,1562]
[1587,"SPZ 1587",1600,1587]
[1600,"SPZ 1600",1613,1600]
[1612,"SPZ 1612",1625,1612]
[1637,"SPZ 1637",1650,1637]
[1650,"SPZ 1650",1663,1650]
[1662,"SPZ 1662",1675,1662]
[1687,"SPZ 1687",1700,1687]
[1700,"SPZ 1700",1713,1700]
[1737,"SPZ 1737",1750,1737]
[1750,"SPZ 1750",1763,1750]
[1762,"SPZ 1762",1775,1762]
[1787,"SPZ 1787",1800,1787]
[1800,"SPZ 1800",1813,1800]
[1812,"SPZ 1812",1825,1812]
[1837,"SPZ 1837",1850,1837]
[1850,"SPZ 1850",1863,1850]
[1862,"SPZ 1862",1875,1862]
[1887,"SPZ 1887",1900,1887]
[1900,"SPZ 1900",1913,1900]
[1937,"SPZ 1937",1950,1937]
[1962,"SPZ 1962",1975,1962]
[1987,"SPZ 1987",2000,1987]
[2000,"SPZ 2000",2013,2000]
[2019,"SPZ 2019",2032,2019]
[2030,"SPZ 2030",2043,2030]
[2037,"SPZ 2037",2050,2037]
[2062,"SPZ 2062",2075,2062]
[2087,"SPZ 2087",2100,2087]
[2120,"SPZ 2120",2133,2120]
[2137,"SPZ 2137",2150,2137]
[2150,"SPZ 2150",2163,2150]
[2160,"SPZ 2160",2173,2160]
[2187,"SPZ 2187",2200,2187]
[2240,"SPZ 2240",2253,2240]
[2262,"SPZ 2262",2275,2262]
[2287,"SPZ 2287",2300,2287]
[2360,"SPZ 2360",2373,2360]
[2410,"SPZ 2410",2423,2410]
[2437,"SPZ 2437",2450,2437]
[2487,"SPZ 2487",2500,2487]
[2500,"SPZ 2500",2513,2500]
[2540,"SPZ 2540",2553,2540]
[2650,"SPZ 2650",2663,2650]
[2690,"SPZ 2690",2703,2690]
[2800,"SPZ 2800",2813,2800]
[2840,"SPZ 2840",2853,2840]
[3000,"SPZ 3000",3013,3000]
[3150,"SPZ 3150",3163,3150]
[3350,"SPZ 3350",3363,3350]
[3550,"SPZ 3550",3563,3550]
[]
["LW","Section - SPA","LA","LW"]
[657,"SPA 657",675,657]
[707,"SPA 707",725,707]
[732,"SPA 732",750,732]
[757,"SPA 757",775,757]
[782,"SPA 782",800,782]
[800,"SPA 800",818,800]
[807,"SPA 807",825,807]
[832,"SPA 832",850,832]
[850,"SPA 850",868,850]
[857,"SPA 857",875,857]
[882,"SPA 882",900,882]
[900,"SPA 900",918,900]
[907,"SPA 907",925,907]
[925,"SPA 925",943,925]
[932,"SPA 932",950,932]
[950,"SPA 950",968,950]
[957,"SPA 957",975,957]
[967,"SPA 967",985,967]
[982,"SPA 982",1000,982]
[1000,"SPA 1000",1018,1000]
[1007,"SPA 1007",1025,1007]
[1032,"SPA 1032",1050,1032]
[1060,"SPA 1060",1078,1060]
[1082,"SPA 1082",1100,1082]
[1107,"SPA 1107",1125,1107]
[1120,"SPA 1120",1138,1120]
[1132,"SPA 1132",1150,1132]
[1150,"SPA 1150",1168,1150]
[1157,"SPA 1157",1175,1157]
[1180,"SPA 1180",1198,1180]
[1207,"SPA 1207",1225,1207]
[1232,"SPA 1232",1250,1232]
[1250,"SPA 1250",1268,1250]
[1257,"SPA 1257",1275,1257]
[1272,"SPA 1272",1290,1272]
[1282,"SPA 1282",1300,1282]
[1307,"SPA 1307",1325,1307]
[1320,"SPA 1320",1338,1320]
[1332,"SPA 1332",1350,1332]
[1357,"SPA 1357",1375,1357]
[1382,"SPA 1382",1400,1382]
[1400,"SPA 1400",1418,1400]
[1407,"SPA 1407",1425,1407]
[1425,"SPA 1425",1443,1425]
[1432,"SPA 1432",1450,1432]
[1450,"SPA 1450",1468,1450]
[1457,"SPA 1457",1475,1457]
[1482,"SPA 1482",1500,1482]
[1500,"SPA 1500",1518,1500]
[1507,"SPA 1507",1525,1507]
[1532,"SPA 1532",1550,1532]
[1550,"SPA 1550",1568,1550]
[1557,"SPA 1557",1575,1557]
[1582,"SPA 1582",1600,1582]
[1600,"SPA 1600",1618,1600]
[1607,"SPA 1607",1625,1607]
[1632,"SPA 1632",1650,1632]
[1657,"SPA 1657",1675,1657]
[1682,"SPA 1682",1700,1682]
[1700,"SPA 1700",1718,1700]
[1707,"SPA 1707",1725,1707]
[1732,"SPA 1732",1750,1732]
[1750,"SPA 1750",1768,1750]
[1757,"SPA 1757",1775,1757]
[1782,"SPA 1782",1800,1782]
[1800,"SPA 1800",1818,1800]
[1807,"SPA 1807",1825,1807]
[1832,"SPA 1832",1850,1832]
[1857,"SPA 1857",1875,1857]
[1882,"SPA 1882",1900,1882]
[1900,"SPA 1900",1918,1900]
[1907,"SPA 1907",1925,1907]
[1925,"SPA 1925",1943,1925]
[1932,"SPA 1932",1950,1932]
[1950,"SPA 1950",1968,1950]
[1957,"SPA 1957",1975,1957]
[1982,"SPA 1982",2000,1982]
[2000,"SPA 2000",2018,2000]
[2032,"SPA 2032",2050,2032]
[2057,"SPA 2057",2075,2057]
[2082,"SPA 2082",2100,2082]
[2120,"SPA 2120",2138,2120]
[2132,"SPA 2132",2150,2132]
[2182,"SPA 2182",2200,2182]
[2207,"SPA 2207",2225,2207]
[2232,"SPA 2232",2250,2232]
[2240,"SPA 2240",2258,2240]
[2282,"SPA 2282",2300,2282]
[2300,"SPA 2300",2318,2300]
[2307,"SPA 2307",2325,2307]
[2332,"SPA 2332",2350,2332]
[2360,"SPA 2360",2378,2360]
[2382,"SPA 2382",2400,2382]
[2432,"SPA 2432",2450,2432]
[2482,"SPA 2482",2500,2482]
[2500,"SPA 2500",2518,2500]
[2532,"SPA 2532",2550,2532]
[2582,"SPA 2582",2600,2582]
[2607,"SPA 2607",2625,2607]
[2632,"SPA 2632",2650,2632]
[2650,"SPA 2650",2668,2650]
[2682,"SPA 2682",2700,2682]
[2732,"SPA 2732",2750,2732]
[2782,"SPA 2782",2800,2782]
[2800,"SPA 2800",2818,2800]
[2832,"SPA 2832",2850,2832]
[2847,"SPA 2847",2865,2847]
[2882,"SPA 2882",2900,2882]
[2900,"SPA 2900",2918,2900]
[2932,"SPA 2932",2950,2932]
[2982,"SPA 2982",3000,2982]
[3000,"SPA 3000",3018,3000]
[3032,"SPA 3032",3050,3032]
[3082,"SPA 3082",3100,3082]
[3150,"SPA 3150",3168,3150]
[3182,"SPA 3182",3200,3182]
[3250,"SPA 3250",3268,3250]
[3282,"SPA 3282",3300,3282]
[3350,"SPA 3350",3368,3350]
[3382,"SPA 3382",3400,3382]
[3550,"SPA 3550",3568,3550]
[3650,"SPA 3650",3668,3650]
[3750,"SPA 3750",3768,3750]
[4000,"SPA 4000",4018,4000]
[4250,"SPA 4250",4268,4250]
[4500,"SPA 4500",4518,4500]
[4750,"SPA 4750",4768,4750]
[]
["LW","Section - SPB","LA","LW"]
[1250,"SPB 1250",1272,1250]
[1320,"SPB 1320",1342,1320]
[1400,"SPB 1400",1422,1400]
[1410,"SPB 1410",1432,1410]
[1450,"SPB 1450",1472,1450]
[1500,"SPB 1500",1522,1500]
[1600,"SPB 1600",1622,1600]
[1650,"SPB 1650",1672,1650]
[1700,"SPB 1700",1722,1700]
[1750,"SPB 1750",1772,1750]
[1800,"SPB 1800",1822,1800]
[1850,"SPB 1850",1872,1850]
[1860,"SPB 1860",1882,1860]
[1900,"SPB 1900",1922,1900]
[1950,"SPB 1950",1972,1950]
[2000,"SPB 2000",2022,2000]
[2020,"SPB 2020",2042,2020]
[2060,"SPB 2060",2082,2060]
[2098,"SPB 2098",2120,2098]
[2120,"SPB 2120",2142,2120]
[2150,"SPB 2150",2172,2150]
[2180,"SPB 2180",2202,2180]
[2240,"SPB 2240",2262,2240]
[2264,"SPB 2264",2286,2264]
[2280,"SPB 2280",2302,2280]
[2300,"SPB 2300",2322,2300]
[2360,"SPB 2360",2382,2360]
[2391,"SPB 2391",2413,2391]
[2400,"SPB 2400",2422,2400]
[2410,"SPB 2410",2432,2410]
[2430,"SPB 2430",2452,2430]
[2450,"SPB 2450",2472,2450]
[2500,"SPB 2500",2522,2500]
[2530,"SPB 2530",2552,2530]
[2580,"SPB 2580",2602,2580]
[2600,"SPB 2600",2622,2600]
[2650,"SPB 2650",2672,2650]
[2680,"SPB 2680",2702,2680]
[2720,"SPB 2720",2742,2720]
[2800,"SPB 2800",2822,2800]
[2840,"SPB 2840",2862,2840]
[2850,"SPB 2850",2872,2850]
[2900,"SPB 2900",2922,2900]
[2950,"SPB 2950",2972,2950]
[3000,"SPB 3000",3022,3000]
[3070,"SPB 3070",3092,3070]
[3150,"SPB 3150",3172,3150]
[3170,"SPB 3170",3192,3170]
[3250,"SPB 3250",3272,3250]
[3320,"SPB 3320",3342,3320]
[3350,"SPB 3350",3372,3350]
[3450,"SPB 3450",3472,3450]
[3550,"SPB 3550",3572,3550]
[3650,"SPB 3650",3672,3650]
[3750,"SPB 3750",3772,3750]
[3800,"SPB 3800",3822,3800]
[4000,"SPB 4000",4022,4000]
[4050,"SPB 4050",4072,4050]
[4250,"SPB 4250",4272,4250]
[4300,"SPB 4300",4322,4300]
[4500,"SPB 4500",4522,4500]
[4560," SPB 4560",4582,4560]
[4750,"SPB 4750",4772,4750]
[4820,"SPB 4820",4842,4820]
[5000,"SPB 5000",5022,5000]
[5070,"SPB 5070",5092,5070]
[5300,"SPB 5300",5322,5300]
[5600,"SPB 5600",5622,5600]
[6000,"SPB 6000",6022,6000]
[6300,"SPB 6300",6322,6300]
[6700,"SPB 6700",6722,6700]
[7100,"SPB 7100",7122,7100]
[7500,"SPB 7500",7522,7500]
[8000,"SPB 8000",8022,8000]
[]
["LW","Section - SPC","LA","LW"]
[2000,"SPC 2000",2030,2000]
[2120,"SPC 2120",2150,2120]
[2240,"SPC 2240",2270,2240]
[2360,"SPC 2360",2390,2360]
[2500,"SPC 2500",2530,2500]
[2650,"SPC 2650",2680,2650]
[2800,"SPC 2800",2830,2800]
[3000,"SPC 3000",3030,3000]
[3150,"SPC 3150",3180,3150]
[3350,"SPC 3350",3380,3350]
[3550,"SPC 3550",3580,3550]
[3750," SPC3750",3780,3750]
[4000,"SPC 4000",4030,4000]
[4250,"SPC 4250",4280,4250]
[4400,"SPC 4400",4430,4400]
[4500,"SPC 4500",4530,4500]
[4750,"SPC 4750",4780,4750]
[5000,"SPC 5000",5030,5000]
[5300,"SPC 5300",5330,5300]
[5600,"SPC 5600",5630,5600]
[6000,"SPC 6000",6030,6000]
[6300,"SPC 6300",6330,6300]
[6700,"SPC 6700",6730,6700]
[7100,"SPC 7100",7130,7100]
[7500,"SPC 7500",7530,7500]
[8000,"SPC 8000",8030,8000]
[8500,"SPC 8500",8530,8500]
[9000,"SPC 9000",9030,9000]
[9500,"SPC 9500",9530,9500]
[10000,"SPC 10000",10030,10000]
[10600,"SPC 10600",10630,10600]
[11200,"SPC 11200",11230,11200]
[11800,"SPC 11800",11830,11800]
[12000,"SPC 12000",12030,12000]
[12500,"SPC 12500",12530,12500]

{"sheet":"XPZ-XPC","index":4,"n_rows":300,"n_cols":3,"rows_kept":300,"cut":false,"hidden":true,"merged":[]}
["LW","XPZ","LW"]
[512,"XPZ 512",512]
[562,"XPZ 562",562]
[587,"XPZ 587",587]
[607,"XPZ 607",607]
[612,"XPZ 612",612]
[630,"XPZ 630",630]
[637,"XPZ 637",637]
[662,"XPZ 662",662]
[670,"XPZ 670",670]
[687,"XPZ 687",687]
[710,"XPZ 710",710]
[722,"XPZ 722",722]
[730,"XPZ 730",730]
[737,"XPZ 737",737]
[750,"XPZ 750",750]
[762,"XPZ 762",762]
[772,"XPZ 772",772]
[787,"XPZ 787",787]
[800,"XPZ 800",800]
[812,"XPZ 812",812]
[837,"XPZ 837",837]
[850,"XPZ 850",850]
[852,"XPZ 852",852]
[862,"XPZ 862",862]
[875,"XPZ 875",875]
[887,"XPZ 887",887]
[900,"XPZ 900",900]
[912,"XPZ 912",912]
[925,"XPZ 925",925]
[937,"XPZ 937",937]
[940,"XPZ 940",940]
[950,"XPZ 950",950]
[962,"XPZ 962",962]
[975,"XPZ 975",975]
[987,"XPZ 987",987]
[1000,"XPZ 1000",1000]
[1012,"XPZ 1012",1012]
[1024,"XPZ 1024",1024]
[1030,"XPZ 1030",1030]
[1037,"XPZ 1037",1037]
[1047,"XPZ 1047",1047]
[1060,"XPZ 1060",1060]
[1062,"XPZ 1062",1062]
[1077,"XPZ 1077",1077]
[1080,"XPZ 1080",1080]
[1087,"XPZ 1087",1087]
[1112,"XPZ 1112",1112]
[1120,"XPZ 1120",1120]
[1137,"XPZ 1137",1137]
[1162,"XPZ 1162",1162]
[1180,"XPZ 1180",1180]
[1187,"XPZ 1187",1187]
[1202,"XPZ 1202",1202]
[1212,"XPZ 1212",1212]
[1237,"XPZ 1237",1237]
[1250,"XPZ 1250",1250]
[1262,"XPZ 1262",1262]
[1270,"XPZ 1270",1270]
[1280,"XPZ 1280",1280]
[1287,"XPZ 1287",1287]
[1312,"XPZ 1312",1312]
[1320,"XPZ 1320",1320]
[1337,"XPZ 1337",1337]
[1362,"XPZ 1362",1362]
[1387,"XPZ 1387",1387]
[1400,"XPZ 1400",1400]
[1412,"XPZ 1412",1412]
[1420,"XPZ 1420",1420]
[1437,"XPZ 1437",1437]
[1462,"XPZ 1462",1462]
[1470,"XPZ 1470",1470]
[1487,"XPZ 1487",1487]
[1500,"XPZ 1500",1500]
[1512,"XPZ 1512",1512]
[1520,"XPZ 1520",1520]
[1537,"XPZ 1537",1537]
[1562,"XPZ 1562",1562]
[1587,"XPZ 1587",1587]
[1600,"XPZ 1600",1600]
[1612,"XPZ 1612",1612]
[1637,"XPZ 1637",1637]
[1650,"XPZ 1650",1650]
[1662,"XPZ 1662",1662]
[1700,"XPZ 1700",1700]
[1737,"XPZ 1737",1737]
[1750,"XPZ 1750",1750]
[1762,"XPZ 1762",1762]
[1800,"XPZ 1800",1800]
[1812,"XPZ 1812",1812]
[1850,"XPZ 1850",1850]
[1862,"XPZ 1862",1862]
[1887,"XPZ 1887",1887]
[1900,"XPZ 1900",1900]
[1937,"XPZ 1937",1937]
[1950,"XPZ 1950",1950]
[2000,"XPZ 2000",2000]
[2030,"XPZ 2030",2030]
[2037,"XPZ 2037",2037]
[2120,"XPZ 2120",2120]
[2160,"XPZ 2160",2160]
[2240,"XPZ 2240",2240]
[2280,"XPZ 2280",2280]
[2360,"XPZ 2360",2360]
[2410,"XPZ 2410",2410]
[2500,"XPZ 2500",2500]
[2540,"XPZ 2540",2540]
[2650,"XPZ 2650",2650]
[2690,"XPZ 2690",2690]
[2800,"XPZ 2800",2800]
[2840,"XPZ 2840",2840]
[3000,"XPZ 3000",3000]
[3150,"XPZ 3150",3150]
[3170,"XPZ 3170",3170]
[3350,"XPZ 3350",3350]
[3550,"XPZ 3550",3550]
[]
["Lw","XPA","Lw"]
[667,"XPA 667",667]
[682,"XPA 682",682]
[732,"XPA 732",732]
[757,"XPA 757",757]
[782,"XPA 782",782]
[800,"XPA 800",800]
[807,"XPA 807",807]
[832,"XPA 832",832]
[850,"XPA 850",850]
[857,"XPA 857",857]
[882,"XPA 882",882]
[900,"XPA 900",900]
[907,"XPA 907",907]
[925,"XPA 925",925]
[932,"XPA 932",932]
[950,"XPA 950",950]
[957,"XPA 957",957]
[969,"XPA 969",969]
[982,"XPA 982 ",982]
[1000,"XPA 1000",1000]
[1007,"XPA 1007",1007]
[1032,"XPA 1032",1032]
[1057,"XPA 1057",1057]
[1060,"XPA 1060",1060]
[1082,"XPA 1082",1082]
[1107,"XPA 1107",1107]
[1120,"XPA 1120",1120]
[1132,"XPA 1132",1132]
[1150,"XPA 1150",1150]
[1157,"XPA 1157",1157]
[1162,"XPA 1162",1162]
[1180,"XPA 1180",1180]
[1182,"XPA 1182",1182]
[1207,"XPA 1207",1207]
[1232,"XPA 1232",1232]
[1250,"XPA 1250",1250]
[1257,"XPA 1257",1257]
[1272,"XPA 1272",1272]
[1282,"XPA 1282",1282]
[1307,"XPA 1307",1307]
[1320,"XPA 1320",1320]
[1332,"XPA 1332",1332]
[1357,"XPA 1357",1357]
[1382,"XPA 1382",1382]
[1400,"XPA 1400",1400]
[1407,"XPA 1407",1407]
[1420,"XPA 1420",1420]
[1432,"XPA 1432",1432]
[1450,"XPA 1450",1450]
[1457,"XPA 1457",1457]
[1482,"XPA 1482",1482]
[1500,"XPA 1500",1500]
[1507,"XPA 1507",1507]
[1532,"XPA 1532",1532]
[1557,"XPA 1557",1557]
[1582,"XPA 1582",1582]
[1600,"XPA 1600",1600]
[1607,"XPA 1607",1607]
[1632,"XPA 1632",1632]
[1650,"XPA 1650",1650]
[1682,"XPA 1682",1682]
[1700,"XPA 1700",1700]
[1732,"XPA 1732",1732]
[1757,"XPA 1757",1757]
[1782,"XPA 1782",1782]
[1800,"XPA 1800",1800]
[1832,"XPA 1832",1832]
[1850,"XPA 1850",1850]
[1900,"XPA 1900",1900]
[1932,"XPA 1932",1932]
[1950,"XPA 1950",1950]
[1957,"XPA 1957",1957]
[1982,"XPA 1982",1982]
[2000,"XPA 2000",2000]
[2032,"XPA 2032",2032]
[2057,"XPA 2057",2057]
[2082,"XPA 2082",2082]
[2120,"XPA 2120",2120]
[2160,"XPA 2160",2160]
[2182,"XPA 2182",2182]
[2240,"XPA 2240",2240]
[2282,"XPA 2282",2282]
[2300,"XPA 2300",2300]
[2360,"XPA 2360",2360]
[2432,"XPA 2432",2432]
[2482,"XPA 2482",2482]
[2500,"XPA 2500",2500]
[2532,"XPA 2532",2532]
[2582,"XPA 2582",2582]
[2607,"XPA 2607",2607]
[2632,"XPA 2632",2632]
[2650,"XPA 2650",2650]
[2682,"XPA 2682",2682]
[2732,"XPA 2732",2732]
[2782,"XPA 2782",2782]
[2800,"XPA 2800",2800]
[3000,"XPA 3000",3000]
[3150,"XPA 3150",3150]
[3350,"XPA 3350",3350]
[3550,"XPA 3550",3550]
[3750,"XPA 3750",3750]
[4000,"XPA 4000",4000]
[4250,"XPA 4250",4250]
[4500,"XPA 4500",4500]
[]
["Lw","XPB","Lw"]
[1250,"XPB 1250",1250]
[1260,"XPB 1260",1260]
[1320,"XPB 1320",1320]
[1340,"XPB 1340",1340]
[1400,"XPB 1400",1400]
[1410,"XPB 1410",1410]
[1450,"XPB 1450",1450]
[1500,"XPB 1500",1500]
[1510,"XPB 1510",1510]
[1590,"XPB 1590",1590]
[1600,"XPB 1600",1600]
[1650,"XPB 1650",1650]
[1690,"XPB 1690",1690]
[1700,"XPB 1700",1700]
[1750,"XPB 1750",1750]
[1800,"XPB 1800",1800]
[1850,"XPB 1850",1850]
[1900,"XPB 1900",1900]
[1950,"XPB 1950",1950]
[1970,"XPB 1970",1970]
[2000,"XPB 2000",2000]
[2020,"XPB 2020",2020]
[2060,"XPB 2060",2060]
[2120,"XPB 2120",2120]
[2150,"XPB 2150",2150]
[2180,"XPB 2180",2180]
[2240,"XPB 2240",2240]
[2280,"XPB 2280",2280]
[2300,"XPB 2300",2300]
[2360,"XPB 2360",2360]
[2410,"XPB 2410",2410]
[2430,"XPB 2430",2430]
[2500,"XPB 2500",2500]
[2530,"XPB 2530",2530]
[2580,"XPB 2580",2580]
[2650,"XPB 2650",2650]
[2680,"XPB 2680",2680]
[2800,"XPB 2800",2800]
[2840,"XPB 2840",2840]
[2900,"XPB 2900",2900]
[2990,"XPB 2990",2990]
[3000,"XPB 3000",3000]
[3070,"XPB 3070",3070]
[3150,"XPB 3150",3150]
[3170,"XPB 3170",3170]
[3340,"XPB 3340",3340]
[3350,"XPB 3350",3350]
[3550,"XPB 3550",3550]
[3750,"XPB 3750",3750]
[3800,"XPB 3800",3800]
[4000,"XPB 4000",4000]
[4060,"XPB 4060",4060]
[4250,"XPB 4250",4250]
[4500,"XPB 4500",4500]
[4560,"XPB 4560",4560]
[4750,"XPB 4750",4750]
[5000,"XPB 5000",5000]
[]
["Lw","XPC","Lw"]
[2000,"XPC 2000",2000]
[2120,"XPC 2120",2120]
[2240,"XPC 2240",2240]
[2360,"XPC 2360",2360]
[2500,"XPC 2500",2500]
[2650,"XPC 2650",2650]
[2800,"XPC 2800",2800]
[3000,"XPC 3000",3000]
[3150,"XPC 3150",3150]
[3350,"XPC 3350",3350]
[3550,"XPC 3550",3550]
[3750,"XPC 3750",3750]
[4000,"XPC 4000",4000]
[4250,"XPC 4250",4250]
[4500,"XPC 4500",4500]
[4750,"XPC 4750",4750]
[5000,"XPC 5000",5000]